be the second derivative of w**4/12 + 4*w**3/3 + 7*w**2/2 + w - 3. What is l(-6)?
-5
Let p = 8 - 7. Let q be p - ((-2 - -1) + 0). Let w(u) = -5*u + q*u - 3 + u - 2*u. Give w(-3).
9
Let z(g) = -g. Let f(x) = x + 1. Let h(m) = -m**3 + 2*m**2 - 2*m - 2. Let v be h(2). Let w = -3 - v. Let o(i) = w*f(i) + 4*z(i). Calculate o(5).
-2
Let h(m) = m**3 - m - 4. Let q = 5 - 9. Let j = -2 - q. Let y = 2 - j. Give h(y).
-4
Let h(v) be the first derivative of 2 + 0*v - 2*v**2 - 1/3*v**3. What is h(-3)?
3
Let j(y) = y - 1. Let s be j(10). Let i(f) = s*f - 7*f - f**2 + 3*f - 3. Calculate i(6).
-9
Let v(c) = 4 + 0 + 2*c - 4 - 4. Let i(t) = -t + 3. Let l(m) = 3*i(m) + 2*v(m). Determine l(1).
2
Suppose 23 = -4*l - 3*h + 6*h, 2*l - 21 = -5*h. Let i(z) = -z**2 + z - 1. Determine i(l).
-7
Let u(j) be the first derivative of j**3/3 + 5*j**2/2 - 3*j + 14. Give u(-4).
-7
Suppose 5*c - 2*w = -4*w - 22, -11 = 2*c + 3*w. Let i(z) be the second derivative of z**5/20 + z**4/3 - z**3/3 - z**2 - 6*z. Calculate i(c).
6
Let n(j) = 8*j**3 - 2*j**2 + 4. Let f(i) = -7*i**3 + i**2 - 3. Let c(u) = -7*f(u) - 6*n(u). Calculate c(-5).
-3
Let p = -21 - -24. Let a(g) = -2*g**2 + 3*g + 2. Determine a(p).
-7
Let s(k) be the second derivative of -k**4/12 + k**3/6 - 9*k**2/2 - 5*k + 7. Let i = -1 - -1. What is s(i)?
-9
Let a(p) be the second derivative of 1/120*p**5 - 1/4*p**4 - 1/144*p**6 + 0 + 0*p**3 + 0*p**2 - p. Let j(q) be the third derivative of a(q). What is j(2)?
-9
Let s(z) = 0*z**3 + 17 + z**3 + 2*z - 18 - 3*z**2 + 0*z**2. Give s(1).
-1
Let d(s) = s - 2*s + 3*s**3 - 7*s**2 - 1 - 2*s**3 + 8. Give d(7).
0
Let o(v) = -v**2 + v + 7. Let z be 5/((-15)/(-12)) - -1. Let h = -5 + z. Give o(h).
7
Let j = -1 + 0. Let y(q) be the first derivative of -q + 9/4*q**4 + 1/3*q**3 - 1/2*q**2 - 5. Give y(j).
-8
Let f(z) = -6*z - 6. Let i(u) = -2*u - 1. Let k(v) = -f(v) + 2*i(v). Calculate k(-3).
-2
Let h(v) be the third derivative of -v**4/24 - v**3/6 - 14*v**2. Give h(-1).
0
Let x(k) = -k**2 - 9*k + 13. Let v be x(-10). Let z(m) = m - 5. Calculate z(v).
-2
Let w(s) be the third derivative of -s**5/60 + s**4/6 - 5*s**3/6 - s**2. Let r be 1 + 0 + 11 + -8. What is w(r)?
-5
Let o(b) = 2*b**2 + 2*b. Let a(g) = g**2 - g. Let s(p) = a(p) + o(p). What is s(1)?
4
Let a(v) = -v - 11. Let t(b) = 1. Suppose 2*k - 2*d - 16 = 0, 3*k + 2*d = -3 + 2. Suppose k*r - 20 = -r. Let z(l) = r*t(l) + a(l). What is z(0)?
-6
Suppose -5 = 3*f - 11. Let r(h) = 4*h - 2. What is r(f)?
6
Let t be (-4 - -3)/((-2)/(-10)). Let o(s) = -s**3 - 4*s**2 + 6*s + 6. Let a be o(t). Suppose a = -z + 3. Let g(c) = c**2 + 1. Give g(z).
5
Let w(y) = -5*y**2 - 2*y - 10. Let l(o) = 9*o**2 + 5*o + 19. Let p(i) = 6*l(i) + 11*w(i). Let d be p(9). Let h(s) = s**3 + 4*s**2 - 3*s - 1. Give h(d).
-11
Suppose 10*x = 13*x - 18. Let s(n) be the second derivative of n**4/12 - 7*n**3/6 + n**2/2 - 2*n. Determine s(x).
-5
Let p(t) = -t**2 - 5*t + 2. Let j be -3 + (3 - 8)*-2. Let k = -10 + j. Determine p(k).
8
Let f(q) = -q**2 + 9*q - 7. Let v be f(8). Let s(i) = 4*i. Let l be s(v). Let j(d) = -d - l*d + 3*d. Give j(3).
-6
Suppose -4 = -4*m + 4. Suppose 0*t = v + 2*t - 13, m*t = 3*v - 7. Let l(a) = -v*a**2 - 2 - 2*a + 7*a**3 - 8*a**3 + 2*a. Give l(-5).
-2
Let s(p) = -p**3 + 0*p - 5*p**2 + 6*p + 2 - 6 + 1. Let q = -19 - -13. Give s(q).
-3
Let v(h) = h + 2. Let z be v(-4). Let t be 2/(-4)*(-1 + -5). Let c(q) = -t + 2 + 0*q**2 + 2*q + q**3 + 2*q**2. Calculate c(z).
-5
Let a(o) be the first derivative of -o**2/2 - 4*o - 27. Determine a(-5).
1
Let b = -41 + 47. Let l(q) = q - 7. Determine l(b).
-1
Let n = 30 + -35. Let p(j) = -1 - 3 - 2*j - 2. Determine p(n).
4
Let n(f) = f + 9. Let h be (2 - -4)*(-15)/(-9). Let o = 10 - h. What is n(o)?
9
Suppose -q + 2*q - 2 = 0. Let j(r) = 2*r. Calculate j(q).
4
Let n(w) = -w**2 + 6*w + 4 - 5*w**2 - 6*w**2 + 13*w**2. Calculate n(-5).
-1
Let j(s) = -s**2 + 6*s - 4. Let d be j(4). Suppose 5*b = -25, -2*l - 3*l = d*b + 10. Let n(c) = 2*c**3 - 2*c**2 + c - 2. What is n(l)?
8
Let b(m) = m + 2. Suppose 4*k = 3*z - 7, -z = 4*k + 4*z + 31. Calculate b(k).
-2
Let x(s) be the second derivative of s**5/20 + s**4/12 - s**3/3 - 36*s + 2. Give x(2).
8
Let h = -1 - 3. Let x(z) be the first derivative of -5/2*z**2 + 3 - z - 1/3*z**3. What is x(h)?
3
Let j(a) = -a**2 - a + 8. Let t(c) = c**3 - 3*c**2 - 3*c - 4. Let f be 5 - 3*(-4)/(-12). Let k be t(f). Determine j(k).
8
Let j(i) = 3*i - 4*i + 2*i - 1 + 3. Determine j(7).
9
Let z(u) = -4*u + 2. Let s(p) = 3*p - 1. Let x(k) = 3*s(k) + 2*z(k). What is x(-4)?
-3
Let i = -37 + 32. Let j(h) = h**2 + 2*h - 7. Give j(i).
8
Let x(i) = -14*i + 19. Let y(m) = -2*m + 2. Let v(a) = x(a) - 6*y(a). Let b(q) = q**2 + 5*q + 6. Suppose -2*j = -j + 5. Let p be b(j). What is v(p)?
-5
Suppose -4*c = c - 30. Let x(u) = u - c - 2*u + 2. Let g be 2 + (-2 - 0/1). Determine x(g).
-4
Let b(f) = f**2 - 3*f - 8. Let g be -2*((-30)/(-4) - 2). Let c = g + 17. What is b(c)?
10
Let m(j) = -3*j**3 + j**2 - j - 1. Let s = -43 + 42. Determine m(s).
4
Let p(q) be the second derivative of q**3/6 - q**2/2 - q. Let o be (0/2)/3 - -16. Suppose 3*t - 5*t + 24 = -5*v, -o = 4*v. What is p(t)?
1
Let l(o) = 13*o. Let y(p) = -15*p + 29. Let i(t) = 7*t - 14. Let w(x) = -13*i(x) - 6*y(x). Let r be w(9). Give l(r).
-13
Let w(c) be the third derivative of c**4/24 - c**3/3 - 35*c**2. Give w(3).
1
Let i(u) = u**2 - 9*u + 9. Let m be -5*((-16)/15)/(2/3). Calculate i(m).
1
Suppose x + 4*v = 12, 17 + 11 = 5*x + 4*v. Let i(b) = -b**3 + 4*b + 4 + x - 2*b**2 - 5. Suppose 3*f + 0*f = -9. Give i(f).
0
Suppose 5*p + 37 = z, z + 3*p - 44 = p. Suppose 7 = -5*b + z. Let w(u) = -1 + b*u**2 + 0 - u + 0*u. What is w(-1)?
7
Let w(b) = -3*b. Let v(p) = -p**2 + 8*p + 3. Let a be v(8). Calculate w(a).
-9
Let l(j) be the third derivative of j**5/60 + 7*j**4/24 - j**3/2 - 10*j**2. Determine l(-8).
5
Let p(g) = 2*g**2 - 4*g + 1. Let n(t) = -t**3 + 4*t**2 + 7*t - 6. Let h be n(5). Suppose -h*k - 4 = 3*b - b, b - 3*k = 3. Let w be (-4)/(-4) + b + 2. Give p(w).
7
Let k(f) = f**3 + 3*f**2 + 3*f + 4. Let a(j) = j**3 + j**2 + j. Let x = -2 + 1. Let q(w) = x*k(w) + 2*a(w). Determine q(3).
11
Let l = -3 + 4. Let m = l - -1. Let c(t) = -6 - 4*t**m + t**3 - 3*t + 1 + 0*t. Determine c(5).
5
Let f(w) be the third derivative of -w**6/120 - w**5/60 + 7*w**3/3 - 7*w**2. What is f(0)?
14
Let u(a) = -a - 3. Let t be (-3 + 1 + 1)*5. Determine u(t).
2
Let f(a) = 2*a**2 - 2*a - 2. Let j = -44 + 42. Calculate f(j).
10
Suppose 2*d - 2*p - 10 = 0, 2*d - 7 - 3 = 4*p. Suppose -2*a + d*a = -6. Let f(x) = 4*x + 1. Give f(a).
-7
Let r(f) be the second derivative of f**5/20 - f**4/2 + f**3 - 3*f**2 + 9*f. What is r(4)?
-14
Let i(f) = f**2 - 2*f + 3. Suppose 2*o = o - 2*r, 3*o + r - 10 = 0. What is i(o)?
11
Let s(o) = 3*o**3 - 8*o**2 + 13*o + 2. Let y(f) = 2*f**3 - 4*f**2 + 7*f + 1. Let c(q) = -3*s(q) + 5*y(q). Determine c(-5).
-6
Let v(y) be the first derivative of 4*y + 1/2*y**2 + 2. Calculate v(-3).
1
Let x(y) = 2*y**2 - 2*y - 3. Suppose j = -3*p + 4, -p + 4*j + 5 + 18 = 0. Give x(p).
9
Let n(j) = j**3 - 3*j**2 - 2*j - 1. Let o(r) = -8*r + 9. Let c be o(-4). Suppose 2*f + 2*f - 40 = -5*i, 4*i - c = -5*f. Determine n(i).
7
Let i(t) be the second derivative of t**3/6 - t**2/2 + 17*t. What is i(-5)?
-6
Suppose 3*g - 45 + 33 = 0. Let p(v) = v - 4. Determine p(g).
0
Let g(c) = -2*c - 5. Let i(y) = -6*y - 16. Let r(p) = 7*g(p) - 2*i(p). Suppose 8 = 4*a - 4*w, 3*a + 3*w + 2 = -4. Suppose 4*j = -a*j - 12. What is r(j)?
3
Let u(y) = -y**2 + 8*y - 6. Let b be (-8)/6*(-3)/2. Suppose 3*a - 23 = -b*g, a + 2 = 7. Suppose 12 = g*k - 8. Determine u(k).
9
Let i(l) = -l - 1. Let m(k) = 2*k - 5. Let o be ((-1)/(-3))/(1/(-3)). Let d = 2 + o. Let c(s) = d*m(s) + i(s). Give c(0).
-6
Suppose -2 = -2*q, -5*p + 7 = -2*p - 2*q. Let b(j) be the second derivative of -2*j**2 - 1/6*j**3 - j + 0. Give b(p).
-7
Let q(c) = c + 2. Let y be q(-5). Let b(u) = u + 1. Let t(x) = 10*x + 12. Let o(j) = -12*b(j) + t(j). Determine o(y).
6
Let h(g) = g**3 - 7*g**2 + 7*g - 2. Let o be h(6). Suppose -c - 3*c + 29 = 5*l, -c - 24 = -5*l. Let d(b) = 4*b - l*b + 5 - 4 - b. Calculate d(o).
-7
Let j = -10 + 15. Suppose -4*m = 3*i + 35, -2*i - 3*m = -5*m. Let o = j + i. Let l(f) = -f**3 - f**2 - f - 4. Determine l(o).
-4
Suppose 3*b - 28 + 1